926 and 63.
9
Calculate the greatest common factor of 14325769 and 246.
41
Calculate the greatest common factor of 66 and 19291866.
66
What is the greatest common factor of 19390 and 11720?
10
Calculate the greatest common factor of 677599 and 22607.
611
What is the greatest common factor of 66064516 and 20?
4
What is the highest common divisor of 1127724678 and 2682?
2682
What is the greatest common divisor of 14384 and 271933?
29
What is the greatest common factor of 2733460 and 2260?
20
What is the highest common divisor of 553068516 and 2665?
533
What is the greatest common divisor of 844 and 1969171426?
422
What is the greatest common factor of 583 and 5313515?
53
What is the highest common factor of 104076664 and 8?
8
Calculate the highest common divisor of 709326 and 23594.
502
Calculate the greatest common divisor of 485782299 and 2781.
2781
Calculate the highest common divisor of 11 and 222983926.
11
Calculate the greatest common divisor of 525504276 and 44.
44
Calculate the highest common divisor of 9126 and 740880621.
4563
What is the highest common factor of 10013 and 34986?
17
What is the greatest common factor of 252 and 62487852?
84
What is the greatest common factor of 3168068 and 860?
172
What is the greatest common factor of 55 and 36729187?
11
What is the greatest common divisor of 728 and 3013304?
56
Calculate the greatest common factor of 1524 and 236800136.
508
Calculate the greatest common factor of 2247 and 11300331.
21
What is the greatest common divisor of 75 and 175926045?
15
What is the highest common divisor of 96 and 3029439744?
96
What is the greatest common factor of 5496020 and 10?
10
Calculate the highest common divisor of 22961842 and 342.
38
What is the highest common factor of 44966095 and 3625?
145
Calculate the highest common factor of 19226074 and 763.
763
What is the highest common divisor of 400 and 359525?
25
Calculate the highest common factor of 72096041 and 122567.
5329
Calculate the greatest common factor of 270720 and 1136.
16
What is the greatest common factor of 2412 and 14690554?
134
What is the highest common divisor of 12 and 268468096?
4
What is the greatest common factor of 8376615 and 4170699?
5031
Calculate the greatest common factor of 2821920 and 5280.
480
What is the highest common divisor of 354501 and 147957?
993
Calculate the highest common factor of 1440 and 28720.
80
What is the greatest common divisor of 468 and 86196591?
117
What is the greatest common divisor of 8 and 105692012?
4
Calculate the highest common divisor of 15295 and 1489600.
665
Calculate the greatest common factor of 1030920 and 220440.
1320
What is the highest common divisor of 802 and 95166523?
401
What is the greatest common factor of 13872 and 191046?
102
Calculate the greatest common factor of 629503 and 3364.
29
What is the greatest common factor of 20641595 and 130?
65
Calculate the highest common divisor of 498697 and 899.
31
What is the highest common divisor of 6706 and 40222?
14
Calculate the greatest common divisor of 48 and 39707224.
8
What is the highest common divisor of 172897092 and 54?
54
Calculate the greatest common divisor of 13221 and 9379678.
113
What is the highest common factor of 54 and 579842118?
54
What is the greatest common divisor of 1449 and 22450599?
207
What is the greatest common divisor of 32246 and 12098?
46
Calculate the greatest common divisor of 875226 and 33.
33
What is the highest common divisor of 12763632 and 672?
336
Calculate the highest common factor of 328474201 and 11.
11
Calculate the highest common divisor of 1570 and 25970155.
785
What is the greatest common divisor of 395 and 8443757?
79
What is the highest common divisor of 1153418 and 6062?
14
Calculate the greatest common divisor of 32144 and 1846271.
2009
What is the highest common factor of 1571840310 and 60?
30
What is the greatest common divisor of 55753 and 4925141?
439
Calculate the highest common factor of 12306568 and 24.
8
Calculate the highest common divisor of 36 and 932524920.
36
What is the greatest common divisor of 6392 and 44098?
34
Calculate the highest common factor of 511281927 and 897.
897
What is the greatest common factor of 29 and 398177018?
29
What is the greatest common divisor of 11 and 401337420?
11
What is the highest common divisor of 255 and 6905685?
15
Calculate the highest common factor of 11953907 and 5168.
323
What is the greatest common factor of 1338 and 27336678?
1338
Calculate the greatest common factor of 37998075 and 17575.
925
What is the greatest common divisor of 165 and 71524167?
33
Calculate the highest common factor of 200 and 111050200.
200
Calculate the highest common factor of 134 and 76656911.
67
Calculate the greatest common factor of 2491515965 and 878.
439
Calculate the highest common divisor of 922281920 and 350.
70
Calculate the greatest common factor of 72 and 58744824.
24
What is the highest common divisor of 137184 and 188640?
96
What is the greatest common factor of 6990 and 1100730?
30
Calculate the greatest common divisor of 1266947 and 104896.
1639
Calculate the highest common divisor of 215622 and 7209.
81
Calculate the highest common divisor of 4 and 97294536.
4
What is the greatest common factor of 215541 and 23062?
887
What is the greatest common divisor of 569843774 and 68?
34
Calculate the greatest common divisor of 2135 and 92055649.
427
What is the greatest common divisor of 799 and 50567112?
799
Calculate the highest common factor of 30403056 and 828.
276
What is the greatest common factor of 3937 and 182294911?
3937
What is the highest common divisor of 172444 and 20292?
76
Calculate the highest common divisor of 6990 and 78915.
15
Calculate the highest common factor of 701500 and 18239.
1403
Calculate the greatest common divisor of 18013144 and 8.
8
What is the greatest common factor of 546 and 3666676?
26
What is the highest common factor of 169052 and 8736?
52
Calculate the greatest common factor of 83833728 and 384.
384
What is the highest common divisor of 32497332 and 1471?
1471
Calculate the greatest common factor of 893 and 225568.
19
Calculate the highest common divisor of 131 and 11792489.
131
Calculate the greatest common factor of 15130 and 25753040.
890
Calculate the highest common factor of 1037946 and 10374.
546
Calculate the highest common factor of 2425845294 and 102.
102
What is the highest common factor of 3406 and 181558?
26
What is the greatest common divisor of 13358 and 18?
2
Calculate the greatest common divisor of 1108 and 707120060.
1108
What is the greatest common factor of 39347370 and 1815?
15
What is the highest common factor of 35632077 and 3783?
3783
Calculate the greatest common divisor of 1115505245 and 41.
41
What is the greatest common factor of 11202360 and 3006?
1002
Calculate the greatest common divisor of 3886924 and 2146.
74
What is the highest common factor of 29849858 and 85?
17
What is the highest common factor of 5206994 and 11824?
1478
What is the greatest common divisor of 16 and 1088595168?
16
Calculate the greatest common divisor of 425993 and 1252.
313
What is the greatest common divisor of 1034 and 79914946?
94
What is the greatest common divisor of 42 and 6122494?
14
What is the highest common factor of 1498 and 2217789?
749
What is the greatest common factor of 135 and 41012685?
45
Calculate the highest common factor of 222 and 36871425.
111
What is the highest common divisor of 87022372 and 851?
37
Calculate the greatest common factor of 508464 and 2000592.
4752
What is the highest common factor of 3 and 15080757?
3
What is the highest common divisor of 50 and 11625325?
25
What is the highest common factor of 2232 and 34988460?
372
What is the highest common divisor of 57240 and 8385?
15
What is the greatest common factor of 234 and 19791603?
117
Calculate the greatest common divisor of 1043055 and 1575.
45
What is the greatest common divisor of 117325 and 12025?
325
Calculate the greatest common divisor of 6069280 and 2814.
14
What is the greatest common divisor of 244250 and 312750?
250
Calculate the highest common divisor of 1650978 and 231.
21
What is the highest common factor of 2839446 and 7578?
18
Calculate the greatest common factor of 71448 and 33591552.
5496
Calculate 